 of q?
0
Let f(z) = z**3 - 9*z**2 + 8*z + 6. What is the units digit of f(11)?
6
Suppose -2*o = 3*u + 40, 2*o = -4*u - 15 - 37. Suppose -2*z = z - 30. What is the units digit of (u/(-10))/(4/z)?
3
Suppose -2*b + z = -4, 0 = -2*b - 2*b - 5*z + 8. What is the units digit of 3 + 168 + 8*1/b?
5
Let z(y) = -8*y - 9. Let w(x) = 15*x + 17. Let k(p) = -3*w(p) - 7*z(p). What is the units digit of k(6)?
8
Let q(h) = -h**2 - 13*h - 13. Let j = -12 - -2. What is the units digit of q(j)?
7
Let h = -1840 + 3066. What is the units digit of h?
6
Suppose 3*u + 0*u - u = 0. Suppose u = -6*m + 258 + 384. What is the units digit of m?
7
Suppose 2*x + 110 = 7*x. Let o = x - -38. What is the units digit of o?
0
Let q(m) = -2*m**3 + 10*m**2 - 13*m - 6. Let n be q(5). Let y = n - -132. What is the units digit of y?
1
Let m(n) = -161*n + 6. Let s(y) = 323*y - 10. Let r(l) = 9*m(l) + 4*s(l). What is the hundreds digit of r(-1)?
1
Suppose -i + 11 + 539 = 0. What is the units digit of i?
0
What is the hundreds digit of (14/3 - -1)/((-2)/(-108))?
3
Let p(z) = -56*z**2 - z + 44*z**3 - 49*z**2 + 107*z**2. Let v = 0 + 1. What is the tens digit of p(v)?
4
Let t be 1*(-1 + 3)*(-3)/6. Let s(m) = m + 3. Let u be s(-5). What is the tens digit of (t - 0 - u)*19?
1
What is the hundreds digit of 11 + -12 + (-1884)/(-3)?
6
Let r(u) be the second derivative of u**4/12 - 3*u**2/2 + 5*u. Let y be r(0). What is the tens digit of (-54)/y*1*1?
1
Let o be (2 - (-12 - 2))/1. Let s(c) = 14*c - 30. Let u be s(2). What is the tens digit of ((-8)/o)/(u/60)?
1
Let l = 1826 + -1185. What is the tens digit of l?
4
Let h(g) be the first derivative of -g**4/2 - 2*g**3/3 + g**2/2 + 3*g + 9. What is the units digit of h(-3)?
6
Let h(m) = -8*m + 2. Let u be h(1). Let x(f) = 28*f + 1. Let b(j) = -57*j - 2. Let l(c) = u*b(c) - 13*x(c). What is the units digit of l(-1)?
1
Let n(t) = -t**3 + 2*t**2 + 5*t - 3. Suppose -6*z + z = -v - 22, 4*z - 8 = 4*v. Let q be n(v). Suppose -b - 42 = -q*b. What is the units digit of b?
1
Let c(o) = -3*o + 19. Let v be c(-12). Suppose -35 - v = -p. What is the tens digit of p?
9
Let i(m) = m**3 + 12*m**2 - 15*m - 17. Suppose -4*g - 61 = g - l, 0 = g - 5*l - 7. Let n be i(g). Suppose 0 = n*s - 2*s - 497. What is the tens digit of s?
7
Let v be 0 + 0*4/(-4). Suppose -5*r - 36 = -2*a - 155, -5*r + 5*a + 125 = v. Let f = -13 + r. What is the units digit of f?
0
Suppose -5*f = 2*f + 560. Let h = f - -118. What is the units digit of h?
8
Let f be (-10)/3*-3 - -3. Let d = 138 - f. What is the units digit of d?
5
Let q = -14 + 20. Let a(m) = 8*m - 2. Let g be a(q). Let b = -29 + g. What is the units digit of b?
7
Let j(v) = 54*v**2 + 142*v + 4. What is the hundreds digit of j(-7)?
6
Let b = 23 - -11. Suppose 2*y = 2*v + 12, y - 5*y = v - b. Let c(i) = i + 11. What is the tens digit of c(y)?
1
Suppose 0 = 18*t - 13*t + 580. What is the hundreds digit of (2 - (4 - 2))*-1 - t?
1
Let o = 3 - 3. Suppose o*i - 3 = -i. Suppose 13 = z + i*w + 2*w, -w - 52 = -4*z. What is the tens digit of z?
1
Suppose -5*t + 4*f - 460 = 0, t - 3*f + 106 = -5*f. Let o = t + 147. What is the units digit of o?
1
Suppose 12775 = -21*t + 46438. What is the tens digit of t?
0
What is the hundreds digit of 15/9 + 4116/36?
1
Suppose -7*h + 4*o + 416 = -5*h, -3*h + 596 = o. What is the hundreds digit of h?
2
Let g = -81 + 80. Let r(y) = 3*y**3 - 13*y**2 - 9*y + 2. Let p(b) = -2*b**3 + 6*b**2 + 4*b - 1. Let s(h) = 9*p(h) + 4*r(h). What is the units digit of s(g)?
7
Suppose 7*o - 2251 = 360. What is the hundreds digit of o?
3
Let b(x) = 26*x + 1. Let p be (-45)/(-18)*(-24)/(-15). What is the hundreds digit of b(p)?
1
Let v be 3/(-5) + 2/(-5). Let o be 3/v*8/(-12). Let x = o - -27. What is the tens digit of x?
2
What is the hundreds digit of (3252/(-18))/(2/(-3))?
2
Suppose 0*k + 2*k + 333 = 5*o, k + 183 = -3*o. Let d = -113 - k. What is the tens digit of d?
6
Suppose 6*x - 2*x = -24. What is the tens digit of 3/x*2 + 101?
0
Let k(i) = i**2 + 15*i - 54. Let l be k(-18). What is the tens digit of (-15 - 2)*(-5 + l)?
8
Suppose 1806 - 277 = g - 5*v, 1489 = g + 5*v. What is the thousands digit of g?
1
Let j(a) be the first derivative of -a**4/4 + a**3/3 + 116*a - 1. Let t be j(0). Suppose 0 = -3*u - 14 + t. What is the tens digit of u?
3
Suppose -v = 2*v - 5*q - 21, -4*v = q - 51. Let t be 23*90/((-100)/(-10)). What is the units digit of (t/v)/((-3)/(-12))?
9
Let p(o) = -3*o - 29. Let t be p(-11). What is the units digit of t/(-6) + (-1340)/(-12)?
1
Suppose 0 = -3*l + 5*a + 10, -2*a - 3*a = l + 10. Suppose 0 = 4*r - l*r + 60. Let n = -4 - r. What is the units digit of n?
1
Let p = -17 + 45. Suppose -p*v = -26*v - 104. What is the units digit of v?
2
Let n(j) = -j - 2. Let d(h) = -6*h - 11. Let v(c) = 6*d(c) - 34*n(c). Let z be v(-5). Suppose -z = -2*x + 2. What is the units digit of x?
7
Suppose 17*u + 54 = 1057. What is the tens digit of u?
5
Suppose -5 = -8*t + 7*t. Suppose -4*n + 284 = 2*y, -3*n + 0*n + 200 = -t*y. What is the tens digit of n?
7
Let j be 130/(-4)*(2 - 4). Suppose 4*d - j = 199. Let v = d + -46. What is the units digit of v?
0
Let q(v) = 2*v**2 - 40*v - 25. Let f be q(18). Let u = f + 207. What is the tens digit of u?
1
Suppose -4 = -4*i + 16. Let g(n) = -5*n + 19. Let v be g(7). What is the units digit of (-16 - v) + i*1?
5
Suppose 4*t - 2*t = 8. Suppose 2*c - 14 = 4*z, -t*c + 9 = c + 3*z. Suppose c*i - 62 = 7. What is the units digit of i?
3
Let c be (0 + 12/(-3))/((-23)/(-759)). Suppose 4*r - 5 = l + 3, -2*l + 3*r - 26 = 0. What is the tens digit of (c/l)/((-1)/(-8))?
6
Suppose -a - a = -24. Let z = a + -7. Suppose -z*p + 76 = -69. What is the units digit of p?
9
Let n = 270 - 447. Let c = n - -250. What is the tens digit of c?
7
Let s(w) = w**2 - 12*w + 23. Let l be s(10). Let r be (1 - 0)/((-2)/(-4)). Suppose -10 = -4*b + r*z + 52, -65 = -4*b + l*z. What is the units digit of b?
4
Let x(g) = 7*g + 23. Let b be x(-8). What is the units digit of (b/(-2))/(11/44)?
6
Let m(p) = p**2 + 4*p + 3. Let t be m(-6). Suppose 2*v = -3*v + t. Suppose -4*u = v*n - 34, n + 24 = 2*u - n. What is the tens digit of u?
1
Let l(f) = 2*f**2 + 10*f - 4. Let m be l(-8). Suppose -5*j = -25, j + 91 + m = 4*x. Suppose 12 = u - x. What is the units digit of u?
7
Let v(p) = -p**2 + 2*p - 11. Let q be v(0). Let g = 27 + q. What is the tens digit of g?
1
Let y be (-7)/(-21) - 22/(-6). Let u be y/(2 - (1 + 0)). What is the units digit of u - 14/(-4)*18?
7
Suppose -2 - 3 = -m. Suppose -m = -8*a + 27. What is the units digit of a?
4
Suppose 2 = 2*k + x, -3*k - 3*x = k - 6. Suppose k = 4*h - v - 228, -5*h - 6*v + 3*v + 285 = 0. What is the tens digit of h?
5
Let g be 60/(-25)*10/(-4). Let f = g - 6. Suppose 3*q - 5*i - 152 = f, 3*i - 80 = -5*q + 128. What is the units digit of q?
4
Let g = -37 + 92. Let v = g - 46. What is the units digit of v?
9
Let o(w) = 3*w + 2. Let g be o(2). Let i = -57 - -95. Let l = i + g. What is the units digit of l?
6
Suppose f - 5*f - 5*c = 10, 4*f - c - 2 = 0. Suppose 4*l - u - 469 = f, -4*l - u + 111 = -3*l. What is the units digit of l?
6
Let b(i) = -i**3 - i**2 + 28. Let u(v) = v**2 - 5*v + 4. Let a be u(4). Let x = 0 + a. What is the tens digit of b(x)?
2
Let p(o) = 44*o**2 - o + 20. What is the thousands digit of p(-5)?
1
Suppose 0 = -0*i + 3*i + 12. Let u be 110 + i/4 + 1. Let k = u + -64. What is the units digit of k?
6
Suppose 3 = 11*o - 10*o. Suppose 264 = o*u + 12. What is the units digit of u?
4
Let k(l) = -1 + 9*l - 19 - 23. What is the tens digit of k(21)?
4
Suppose -4*c - 2748 = -5*h, h + 2746 = 6*h - 3*c. What is the tens digit of h?
4
Let t(n) = -2*n - 10. Let f = 9 - 5. Suppose f*y = 5*h - 77, y + 5*h - 10 = 2. What is the units digit of t(y)?
6
Let g = 58 + 3658. What is the tens digit of g?
1
Suppose -295 = -2*m + 519. What is the units digit of m?
7
Suppose 6*a - 17 = a - q, 4*q = -12. Suppose 244*z = 248*z - 324. Suppose 5*m + 19 - 84 = c, -5*c + z = a*m. What is the tens digit of m?
1
Suppose -3*g + 2*l + 2*l = 32, -3*g = l + 37. Let j = 25 + g. What is the tens digit of j?
1
Suppose 8*w - 1772 - 3212 = 0. What is the units digit of w?
3
Let o = 43 - 39. Suppose -2*h - 74 = -o*v - 0*h, 3*h + 90 = 5*v. What is the tens digit of v?
2
Let m(y) = -2*y**2 - 16*y + 5. Let k be m(-6).